. Let g = 57 + a. What is the greatest common factor of 11 and g?
11
Let u = 33262 - 32450. What is the greatest common divisor of 1102 and u?
58
Let r(k) = -22*k - 26. Let g = -31 - -33. Suppose -5*v + g*y = 6*y + 39, 0 = -y + 4. Let p be r(v). What is the greatest common divisor of p and 27?
27
Suppose 92*j - 202*j + 940063 = 127493. Calculate the highest common divisor of j and 89.
89
Let l(u) = 3 + 2 - 32*u + 18*u + 12*u. Suppose -20 = 5*h - 0*h. Let i be l(h). What is the greatest common divisor of 1 and i?
1
Suppose -4*x + 268 = -4*i, x - 4*i - 62 = -8*i. Let f be ((-40)/6)/(7 - x/9). Calculate the greatest common divisor of f and 250.
10
Let t(r) = -4*r**2 - 39*r + 14. Let w be t(-10). Suppose 24 = 2*f - 2*u, w*f = -u + 4*u + 44. Calculate the highest common divisor of 12 and f.
4
Suppose 0 = l - 31 - 13. Suppose -5*w = -3*x - 217, -5*w - 5*x = -160 - 65. What is the highest common factor of w and l?
44
Let c be ((-34)/4)/(2/4). Let g = -5 - c. Let x(b) = 3*b**3 - 76*b**2 - 63*b + 295. Let d be x(26). What is the greatest common factor of d and g?
3
Let v be -96*-2*(-2)/8. Let g be ((-22)/33)/((-4)/(-354))*1. Let h = v - g. What is the highest common divisor of h and 88?
11
Let v be 1490/25 + 1 + (-9)/15. Let z = 144 - v. Let w(t) = 4*t**2 - t. Let d be w(2). What is the highest common divisor of z and d?
14
Suppose 18648 = 66810*s - 66789*s. What is the highest common divisor of s and 96?
24
Let h be (-359781)/(-135) - (-150)/(-3375). What is the highest common divisor of h and 39?
13
Let s(m) = -m**3 + 5*m**2 - 5*m + 9. Let o be s(4). Suppose o*d = -4*u + 62, 0 = -2*d + 10*u - 9*u + 17. Calculate the highest common divisor of d and 190.
10
Suppose -5*p + 255 = a, 4*p - 3*a - 188 = -7*a. Suppose -4*h = z - p, 0*z = 5*z - 3*h - 168. Calculate the highest common divisor of z and 48.
12
Let y(s) = -s**3 + 8*s**2 + 13*s - 33. Let z be y(9). Suppose -z*i + 134 = -196. Calculate the greatest common factor of i and 5.
5
Suppose 2*s = -18 - 38. Let h be ((-4)/8)/(2/s). Suppose 3*i + 5*r = 117, 5*i + 6*r - 67 - 142 = 0. What is the highest common divisor of h and i?
7
Suppose -77*k + 40*k = -21164. What is the highest common divisor of 396 and k?
44
Suppose 2*v + 87*r - 12634 = 85*r, -5*v + 31588 = 4*r. What is the highest common divisor of 79 and v?
79
Let p(r) = 27 - 13 + 20 + 0 - 25*r. Let l be p(0). Let h(i) = 84*i**2 - 2*i - 1. Let u be h(-1). Calculate the highest common factor of l and u.
17
Suppose 3*j = -5*j - 24. Let a be j + (-4 - 492/(-4))*4. Calculate the greatest common factor of 11 and a.
11
Let j = 34 + -20. Suppose -2*b - j = 4*u, -2*u - 56 = 4*b - u. Let d be 1*-4 - (b - -9). Calculate the greatest common divisor of d and 6.
2
Let c(z) = 2*z**2 - 42*z + 192. Let g be c(6). Let n be 390*(-3 - (-68)/20). What is the highest common factor of n and g?
12
Suppose 34*x - 20*x - 109 - 1263 = 0. Calculate the highest common divisor of 3577 and x.
49
Let j = 207 + -99. Let z(l) = l**2 + l + 6. Let w be (-69)/21 + 5/((-35)/(-2)). Let p be z(w). Calculate the highest common factor of p and j.
12
Suppose -2*r - 628 = -60. Let z = -179 - r. Suppose 0 = 3*k - 18 - 3. What is the greatest common factor of k and z?
7
Let z(n) = 206*n + 3641. Let g be z(14). What is the greatest common divisor of 174 and g?
87
Let p be 1/2*1*(6 + -6). Suppose w - 4*s - 6 + 1 = p, 3*s - 21 = -2*w. What is the highest common divisor of 15 and w?
3
Suppose -3*m + 1 = -5*f + 10*f, 4 = -4*f. Suppose -4*x - m*a + 50 = 0, 5*x = -a + 2*a + 73. What is the greatest common divisor of 98 and x?
14
Let p be (-224)/(-12) + (-2)/3. Let y = 68 - p. Let l = -625 + 875. What is the greatest common factor of y and l?
50
Suppose f + 2 = 0, 0*w - 3*w + 69 = -3*f. Suppose w*k - 126 = 12*k. Suppose 2*t + 2*t - 392 = 0. What is the greatest common factor of k and t?
14
Let n be (((-42)/4)/(69/(-460)))/((-2)/(-10)). Calculate the highest common divisor of n and 126.
14
Let d be (-5)/20 - (-1 + 5175/(-60)). Calculate the highest common divisor of 19923 and d.
87
Let j = -23 + 32. Let b = -1285 + 1402. Calculate the greatest common factor of b and j.
9
Let b = 63 - 63. Suppose b*r - 6*r = -372. Suppose -7*i + 251 - r = 0. Calculate the greatest common divisor of i and 135.
27
Let j = -191 - -219. Let u(q) = q**2 - 13*q - 2. Let s be u(15). Calculate the greatest common divisor of j and s.
28
Let t be 3*(-2)/(-12)*116. Let q = -30 + t. What is the highest common factor of q and 7?
7
Let v = 206 + -142. Let k = 416 + -400. Calculate the greatest common divisor of k and v.
16
Let y = -18107 - -18125. What is the greatest common divisor of y and 6516?
18
Suppose 316 = 44*z + 35*z. Let q(s) = -s - 1 - 2*s**2 - s**2 - 2*s**3 + 3*s**3. Let k be q(z). What is the greatest common divisor of k and 1?
1
Let h be (-1 + 7/3)*6. Let y = 92 - h. Suppose -6*p = -2*p - y. What is the greatest common factor of p and 21?
21
Suppose -4*k - 442 = -2*n - 2*k, -n + 233 = 2*k. Let u = 36422 - 36407. What is the greatest common divisor of n and u?
15
Let f be ((-1)/3)/(1/(-9)) + 2. Suppose -o = -3*x - 4, 0*o = -2*o + f*x + 4. Let a be 5/((2/o)/(7/(-14))). What is the greatest common factor of 2 and a?
2
Let y = 90 + -47. Suppose y = 5*i - 4*z, -2*i + i - 2*z + 17 = 0. Suppose 0 = 16*d - i*d - 40. What is the greatest common divisor of d and 56?
8
Suppose -5*p - 2*u + 13092 - 11010 = 0, 5*u = -5*p + 2055. Suppose 3*c + 48 = 5*t - c, 0 = 2*c - 6. What is the greatest common factor of p and t?
12
Let o be 38 - 1 - (1205 - 1201). Let t(f) = 29*f**2 + 4*f + 2. Let j be t(-2). What is the greatest common divisor of j and o?
11
Suppose -5*j + 304 = x, x - 5*j = 310 - 46. Let n = -235 + x. Suppose -5*q = -10, -4*c + 3*q + 26 - 4 = 0. What is the highest common factor of c and n?
7
Suppose -6*a + 3*a = -123. Let l = 7892 + -7891. What is the greatest common divisor of l and a?
1
Let m be -92 - (-4 + (-14)/(-2)). Let w = 249 + m. What is the highest common factor of 44 and w?
22
Suppose 5 = -3*q + 2*k, 1 - 8 = 5*q - 3*k. Let a be (738/(-4))/q*(-106)/159. Calculate the highest common factor of a and 41.
41
Suppose 0 = 5*g - 61 - 4. Suppose 50*h = 47*h - 684. Let j = h - -254. What is the highest common divisor of j and g?
13
Let k be -9 + ((-48)/(-12) - -16) + 20. Calculate the greatest common divisor of 14136 and k.
31
Suppose -4*k + 37 = -3*k. Suppose -2*i + k = 3*p - 0*p, 2*p - 5*i - 12 = 0. Let g = -15333 + 15377. Calculate the highest common divisor of p and g.
11
Let a(m) = 54*m - 820. Let q be a(18). Calculate the greatest common divisor of 96 and q.
8
Let n be (-1)/(11808/7344 - (-5)/(-3)). What is the highest common divisor of n and 139?
1
Let n be (3/2)/(3/4). Let x be n + (-47 - 0)*-2. Suppose -18*s + 552 = 5*s. Calculate the greatest common factor of x and s.
24
Let h be 63378/(-35) + (-4)/(-5). Let b = 1217 + h. Let u = -334 - b. Calculate the greatest common factor of 37 and u.
37
Let j(b) = b**3 + 2*b**2 - 4*b + 1. Let p(g) = -g + 9. Let k be p(7). Let u be j(k). What is the highest common divisor of u and 9?
9
Let x = 16633 + -15903. Calculate the greatest common factor of x and 170.
10
Let a be 1940/18 + 2/9. Let g be 3 + (3 - 0) + -2. Suppose 43 = g*l - 5. Calculate the highest common factor of a and l.
12
Let k be 244200/35 - -4 - (-9)/(-63). Calculate the highest common factor of k and 117.
39
Suppose 0 = 4*v + 7*c - 8*c - 6, -5*v - 3*c = 1. Let r be (v - -2)/((-61)/(-183)). What is the highest common divisor of r and 99?
9
Let o = -22435 - -33987. Calculate the highest common factor of 57 and o.
19
Let z = -40 + 79. Let y be 11 + -2 + 6 + -2. Calculate the greatest common divisor of z and y.
13
Let p be 16 - (8 + 1 - 401). Calculate the highest common factor of p and 867.
51
Let p(z) = z**3 + 5*z**2 + 3*z + 1. Let c be 0/2 - 3/1. Let o be p(c). Suppose 2*x = -4, -4*x - 42 = 3*g - 184. What is the greatest common divisor of o and g?
10
Let m = 303 + -110. Let p = 221 - m. What is the greatest common factor of 4 and p?
4
Suppose -5*y = 5*b - 220, 4*y + 344 = -3*b + 481. Calculate the highest common divisor of b and 1885.
13
Suppose 2*q + 4*b = 8922, 28*q + 22263 = 33*q - 4*b. Calculate the greatest common factor of 231 and q.
33
Suppose -43 = -2*s + 25. Suppose -229 = -19*n - 4713. Let m = s - n. 